ative of -u**3/3 - u**2/2 + 2*u. Let x(z) = z - 8. Calculate the remainder when d(-6) is divided by x(14).
5
Suppose -7*r = -213 - 74. Calculate the remainder when r is divided by 9.
5
Suppose -106 = -5*i + z, 4*i - 80 = -4*z - 0*z. Let j(a) = -a**3 + 12*a**2 - 14*a. What is the remainder when j(10) is divided by i?
18
Let j = 22 + -7. Let r be ((-18)/15)/((-1)/(-5)). Let d(v) = v**3 + 6*v**2 - 2*v - 4. What is the remainder when j is divided by d(r)?
7
Let b = 29 - 11. Let z be (0 - 3)/((-6)/28). Suppose -v - v = -z. Calculate the remainder when b is divided by v.
4
Let l be (-4)/10 - 90/25. Let c = 17 + l. What is the remainder when 50 is divided by c?
11
Suppose 8 + 24 = 2*x. Calculate the remainder when 30 + (6 + 4/(-2) - 4) is divided by x.
14
Suppose 0 = 2*v + f - 108, 5*v + 5*f = 4*v + 36. Let q be 276/10 + (-8)/(-20). Suppose 4*l = q + v. What is the remainder when 62 is divided by l?
20
Suppose -3*f - 33 = -4*x + 50, 0 = 3*x + 4*f - 31. What is the remainder when 49 is divided by x?
15
Let h = 14 + -17. Let u = h + 12. Calculate the remainder when 26 is divided by u.
8
Let m(f) = f**2 + 3*f - 8. Suppose 4*t - 3 = -y + 4, 5*t - 4*y = 35. Let h be -3*t/(6/4). Calculate the remainder when 18 is divided by m(h).
8
Suppose -3*q - 2*q = -3*g + 22, 0 = -3*g + 3*q + 12. Let k = -1 - g. Suppose -3*z = 9, -y - 3*y - z + 53 = k. What is the remainder when y is divided by 5?
4
Suppose 2*k - 39 = 77. Calculate the remainder when k is divided by 31.
27
Let q(r) = -r**3 + 19*r**2 + r - 9. Calculate the remainder when 33 is divided by q(19).
3
Let s be (-1)/(3/(-3))*-3. Let n be ((-35)/3)/(1/s). Suppose -w + n = 6. Calculate the remainder when w is divided by 10.
9
Suppose 4*k - 64 - 120 = 0. Let b be 32/8*14/(-8). Let y(h) = -h**3 - 8*h**2 - 10*h - 9. What is the remainder when k is divided by y(b)?
10
What is the remainder when 16 is divided by 6/(8/60*5)?
7
Suppose v - 3 = 0, -5*v + 18 = w - 29. Calculate the remainder when w is divided by 17.
15
Suppose -3*v - 2*j = -49, 0*j + 5 = j. Calculate the remainder when 47 is divided by v.
8
Let u(o) = 4*o - 5*o + 1 - 4*o**2 + 3*o**3 - 2. Let g = 7 + 7. Calculate the remainder when u(3) is divided by g.
13
Suppose 3*i - 3*b - 12 = 0, -3*b = -5*i + b + 22. What is the remainder when i is divided by 2?
0
Let b = 4 - 5. Let c be b*0/(2 + 0). Suppose -3 + c = -4*d - 5*o, 5*o = -25. Calculate the remainder when d is divided by 3.
1
Suppose 0 = -3*l - 2*l + 45. Calculate the remainder when 14 is divided by l.
5
Let k be 73/3 - 2/(-3). Let n = k - 15. Suppose l - 2*l = -n. Calculate the remainder when l is divided by 4.
2
Suppose -10 = 4*s + s. Let x = 24 + -50. Calculate the remainder when 25 is divided by 1/(50/x - s).
12
What is the remainder when 50 is divided by -1 - (-27 + 1 + -1)?
24
Suppose 44 = x + 2*x - s, 3*x = -2*s + 38. Calculate the remainder when x is divided by 8.
6
Suppose r = -4*r + 155. Suppose 2*c - r = -13. Calculate the remainder when 3*(-1 + (-58)/(-6)) is divided by c.
8
What is the remainder when 23 is divided by (7/(-14))/(1/(-12))?
5
Calculate the remainder when 3/2 + 780/8 - 4 is divided by 14.
11
Suppose -4*w - 3*t = -53, 4*t = -3*w - t + 37. What is the remainder when 50 is divided by w?
8
Let g(d) = -d**2 + 35*d + 1. What is the remainder when g(32) is divided by 29?
10
What is the remainder when 0/(-4)*1 - -16 is divided by 6?
4
Let i be (1/2)/(2/(-8)). Let u = 3 + 0. Calculate the remainder when (0 + i/(-5))*10 is divided by u.
1
Suppose 3*g + 3*g = 324. What is the remainder when g is divided by 20?
14
Let y = 2 + 1. Suppose z + 8*r = 3*r + 21, 0 = -y*z - 3*r + 39. Suppose -6 = -2*i - j - 3*j, 0 = -i + 2*j + z. Calculate the remainder when i is divided by 5.
2
Suppose -o - 3*l - 21 = -3*o, -5*o = -5*l - 40. Let a(q) = 2*q**2 - q**2 + 2*q**2 - o + q**2 + 4*q. Calculate the remainder when a(-4) is divided by 23.
22
Let v = -4 - -11. Let s = v - -8. Let d(o) = 29*o. What is the remainder when d(1) is divided by s?
14
Calculate the remainder when 26 is divided by 5/(-2)*36/(-10).
8
Let o = 3 + -2. Let p(l) = -l**3 + l + 14 - o + 3. What is the remainder when p(0) is divided by 6?
4
Suppose -2*i = -4*i + 52. Let y(w) = w**2 + 15*w + 21. What is the remainder when i is divided by y(-14)?
5
Let u(i) = -i**3 + 7*i**2 - 5*i + 7. Let v(j) = -j**2 - 15*j - 6. What is the remainder when v(-7) is divided by u(6)?
11
Let j = 8 + -14. Calculate the remainder when 8 is divided by (-18)/(-4)*(-4)/j.
2
Let a(s) be the first derivative of 2*s**3/3 + 2*s**2 + 4*s + 3. Let j be a(-3). Suppose j = -c + 2*c. What is the remainder when 28 is divided by c?
8
Let k(w) = -4*w**3. Let n be k(-1). Suppose -n*r + 58 = -106. What is the remainder when r is divided by 11?
8
Suppose 0 = -2*g - 5*a + 23, 0 = -4*g - 5*a + 42 - 1. Suppose -18 + 54 = 4*c. Let l = c + -4. What is the remainder when g is divided by l?
4
Let d = 4 - 2. Suppose -d*y - 3*y = -45. Calculate the remainder when 16 - (1 + 0 + -1) is divided by y.
7
Calculate the remainder when 18 is divided by (-1 - 0)*-1 + 4.
3
What is the remainder when 38/(-114) - 3/(18/(-290)) is divided by 17?
14
Suppose -3*w - 18 - 39 = -3*k, 2*w + 83 = 5*k. What is the remainder when k is divided by 4?
3
Let g(f) = 15*f - 53. Calculate the remainder when g(7) is divided by 18.
16
Suppose -5 = 2*k + h - 22, 4*k + h - 33 = 0. What is the remainder when 38 is divided by k?
6
Let k(l) = -8*l + 75. What is the remainder when k(0) is divided by 13?
10
Suppose -2*j - 230 = -5*q - 3*j, 184 = 4*q + 2*j. Let s(f) = -2*f - 5. Let g be s(-4). Suppose 96 = t + g*t. Calculate the remainder when q is divided by t.
22
Suppose u = -5*r + 28, 5*u = 4*r + u - 8. Suppose 3*w = 1 + 23. What is the remainder when w is divided by r?
3
Let x = 28 - 15. Calculate the remainder when 1/(7/24*10/70) is divided by x.
11
Let h be 3*3/((-36)/(-56)). Let t = 16 - h. What is the remainder when 7 is divided by t?
1
Suppose -2*k + 12 = 2*k. Let s = 5 - 11. Calculate the remainder when 18 is divided by 4 + s - k*-4.
8
Let i(q) = -q**3 + 31. What is the remainder when i(0) is divided by 5 + (12/18)/((-2)/(-39))?
13
Let b = -46 - -52. Let t = 3 - -1. What is the remainder when b is divided by t?
2
Let c(m) = -2*m - 5. Let s(o) = -o**2 + 7*o - 5. What is the remainder when c(-3) is divided by s(6)?
0
Suppose -3*y + 6 + 0 = 0. Suppose -5*o + 14 = -y*j - 2*o, 3*j = -3*o + 9. What is the remainder when j - -15 - -2*1 is divided by 6?
4
Suppose -14*k + 145 = -9*k. Calculate the remainder when k is divided by 16.
13
Suppose -2*k = 2*k. Let s = k + 15. Calculate the remainder when 29 is divided by s.
14
Let p(i) = 17*i + 2. Let u be p(2). Suppose -2*s = -3*a - 27, -u = 4*a + 5*s - s. Let n = a + 24. What is the remainder when n is divided by 8?
7
Suppose -2*k + 4*k - 36 = 0. Calculate the remainder when k is divided by 13.
5
Suppose 0 = r - 2*r. Let g(b) = r*b + b + 4 + 1. Calculate the remainder when 4 is divided by g(-3).
0
Suppose -4*m + 17 - 49 = -4*n, -4*n + 34 = -2*m. What is the remainder when n is divided by 6?
3
Let m = 157 + -104. What is the remainder when m is divided by 9?
8
Let m(k) = -k**2 - 11*k + 15. What is the remainder when m(-11) is divided by 9?
6
Suppose -4*z + 5*p + 41 = 0, -5*z + p = -0*z - 25. Suppose -z*j = 2*m - 60, -5*j = -m + 23 + 14. What is the remainder when 127 is divided by m?
31
Suppose -b + 4*m = 0, -4*m - 5 + 1 = 0. Calculate the remainder when -76*4/(-8) + b is divided by 9.
7
Suppose o + 4*p = 28, -5*o - 5*p - 40 = -10*o. What is the remainder when 23 is divided by o?
11
Suppose -3*p + 8*p + 5*u - 25 = 0, -3*p + 3 = -3*u. Suppose p*g - 23 = 5*d, -7*d = -2*g - 2*d + 17. What is the remainder when 10 is divided by g?
4
Suppose 0 = 4*n + 5*l - 66, 3*n + l = 3*l + 38. Suppose -2*i = i - 159. What is the remainder when i is divided by n?
11
Suppose -4*l - r + 2 = 0, l - 2*r + 3*r + 1 = 0. Let k(f) = f**3 + 6*f**2 - 9*f + 5. What is the remainder when k(-7) is divided by l/(-3) + (-66)/(-9)?
5
Suppose 3*n + 5*y - 95 = -0*n, 5*n + 3*y = 169. Suppose 4*c - n = -7. Let g(i) = -2*i - 1. Calculate the remainder when c is divided by g(-3).
2
Let v be (-4 + 7)/3*-131. Let d = -84 - v. What is the remainder when d is divided by 10?
7
Let b(a) = a**3 - a**2 - 5*a + 4. Calculate th